 a composite number?
False
Is 3678667 a composite number?
True
Is 36723811 a composite number?
False
Is 39471235 a composite number?
True
Is 7265789 prime?
False
Is 210624743 a composite number?
True
Is 76854607 composite?
False
Is 694334 composite?
True
Is 135900743 prime?
False
Is 353408329 prime?
True
Is 229317643 prime?
True
Is 54242263 prime?
True
Is 1891489 composite?
False
Is 669887567 a prime number?
False
Is 3091507 composite?
True
Is 5543221 prime?
True
Is 1904951 a composite number?
False
Is 54553013 composite?
False
Is 176379283 composite?
True
Is 904686905 composite?
True
Is 94291 a prime number?
True
Is 11983091 a composite number?
True
Is 31665133 a composite number?
True
Is 74511897 prime?
False
Is 5467051 prime?
False
Is 141342661 composite?
False
Is 2121829 prime?
True
Is 12990041 composite?
False
Is 843454243 composite?
True
Is 17753167 a composite number?
False
Is 994506143 composite?
False
Is 47465906 a prime number?
False
Is 89311763 a composite number?
False
Is 51132581 a composite number?
False
Is 29261891 a prime number?
True
Is 43301557 a composite number?
True
Is 27160547 a prime number?
True
Is 1788473 prime?
True
Is 399426845 composite?
True
Is 330608587 a prime number?
False
Is 1193177 prime?
False
Is 5412767 a prime number?
False
Is 23931254 prime?
False
Is 2180473 a prime number?
False
Is 5609501 composite?
False
Is 171895237 prime?
True
Is 1572913033 composite?
False
Is 1456313 a composite number?
False
Is 35615981 composite?
False
Is 3822293 composite?
True
Is 19929893 prime?
True
Is 13600259 composite?
False
Is 39865489 composite?
True
Is 1770679 a composite number?
False
Is 4702213 prime?
False
Is 53800627 prime?
False
Is 29439667 composite?
False
Is 22558891 prime?
False
Is 10271671 composite?
False
Is 67910057 a prime number?
False
Is 56818297 composite?
False
Is 368351 a composite number?
True
Is 7767579 a composite number?
True
Is 82558613 composite?
True
Is 1928801 composite?
True
Is 51717923 prime?
True
Is 5990977 prime?
True
Is 119166583 a composite number?
True
Is 7258705 a composite number?
True
Is 790927 prime?
True
Is 61930679 a composite number?
False
Is 157280261 a composite number?
True
Is 3308321 composite?
False
Is 2872609 a composite number?
True
Is 501418 a composite number?
True
Is 8252129 a composite number?
False
Is 303786707 a composite number?
True
Is 60936745 prime?
False
Is 378630743 a composite number?
False
Is 161732635 a composite number?
True
Is 62655883 a composite number?
True
Is 7588387 a composite number?
False
Is 5990239 prime?
False
Is 21152917 a prime number?
True
Is 34736018 a prime number?
False
Is 790921903 composite?
False
Is 132592891 prime?
True
Is 670118203 a composite number?
False
Is 22295681 prime?
False
Is 211 composite?
False
Is 4538771 composite?
False
Is 66798971 a composite number?
False
Is 1149857 a prime number?
True
Is 1955999 composite?
True
Is 13654237 a composite number?
False
Is 88324153 composite?
False
Is 70575607 a composite number?
False
Is 123569893 a composite number?
True
Is 2331749 composite?
True
Is 27416027 a prime number?
True
Is 4875501 prime?
False
Is 160755391 a prime number?
True
Is 567367737 a prime number?
False
Is 82740737 a prime number?
True
Is 343804663 a prime number?
False
Is 3903187 a prime number?
True
Is 28581911 prime?
True
Is 23789173 prime?
True
Is 9313651 a composite number?
False
Is 18759803 composite?
False
Is 42093659 a prime number?
False
Is 2120327 a composite number?
True
Is 2605997 composite?
True
Is 4764673 prime?
True
Is 130724081 composite?
False
Is 17231099 prime?
True
Is 706501 composite?
True
Is 42613619 a prime number?
False
Is 18408341 a prime number?
False
Is 39734203 a prime number?
True
Is 140020807 a prime number?
True
Is 8979259 a composite number?
False
Is 20927551 a prime number?
True
Is 17267755 a prime number?
False
Is 13941119 a composite number?
True
Is 1077523 a composite number?
True
Is 181569211 composite?
True
Is 28036459 a prime number?
False
Is 16461245 prime?
False
Is 30051997 a prime number?
True
Is 2729033 a composite number?
True
Is 68352173 composite?
False
Is 834623363 a prime number?
False
Is 94931267 prime?
False
Is 3400103 composite?
True
Is 11346869 a prime number?
True
Is 7761323 a prime number?
True
Is 422194777 composite?
True
Is 55297303 a prime number?
True
Is 120230311 prime?
False
Is 16630241 a composite number?
False
Is 252071 a composite number?
True
Is 39065627 a composite number?
True
Is 883807 composite?
False
Is 22819217 a prime number?
True
Is 3102997 prime?
False
Is 598421 prime?
True
Is 9284887 a composite number?
True
Is 28964723 a prime number?
False
Is 320149511 composite?
True
Is 25550653 a prime number?
False
Is 836873 prime?
True
Is 26903507 composite?
True
Is 11348279 a prime number?
True
Is 44672261 a prime number?
True
Is 3061703 a composite number?
False
Is 138291739 a prime number?
True
Is 6845519 prime?
True
Is 7897147 a composite number?
False
Is 173405447 a composite number?
True
Is 11701099 composite?
False
Is 336262939 a prime number?
True
Is 967669 a prime number?
False
Is 45098563 prime?
True
Is 31782693 prime?
False
Is 1841639 composite?
False
Is 3725279 composite?
False
Is 58783867 composite?
True
Is 526173 a prime number?
False
Is 501811 a prime number?
False
Is 689009 composite?
True
Is 15542305 a composite number?
True
Is 25060733 a prime number?
True
Is 1951283 composite?
True
Is 30444031 composite?
False
Is 15007781 composite?
False
Is 1748261 a prime number?
True
Is 204518201 composite?
True
Is 13523 composite?
False
Is 673915619 a composite number?
True
Is 3416929 a composite number?
False
Is 537931787 a composite number?
False
Is 4360607 prime?
False
Is 8897921 a composite number?
False
Is 62531207 prime?
False
Is 55393577 composite?
False
Is 189632759 composite?
True
Is 18255421 prime?
True
Is 47340967 a composite number?
True
Is 15552191 composite?
False
Is 24285449 composite?
False
Is 11254961 composite?
True
Is 6500729 a composite number?
False
Is 91831991 a composite number?
False
Is 10688383 a composite number?
False
Is 4594003 composite?
True
Is 406621 a prime number?
False
Is 997961 prime?
True
Is 1064491 a composite number?
True
Is 5485211 prime?
True
Is 204179 a composite number?
True
Is 17198539 a prime number?
True
Is 256085545 composite?
True
Is 156967201 composite?
False
Is 81653213 prime?
True
Is 3301393 prime?
False
Is 1256003 a prime number?
False
Is 10507531 prime?
False
Is 227573 a prime number?
False
Is 7266311 a composite number?
True
Is 66566971 composite?
False
Is 705553 prime?
False
Is 38527997 a prime number?
True
Is 9390287 a composite number?
True
Is 13398233 composite?
False
Is 312341009 a prime number?
True
Is 23881569 a composite number?
True
Is 69276767 prime?
False
Is 18919477 a prime number?
False
Is 2392919 prime?
True
Is 205758211 prime?
True
Is 2179501027 prime?
False
Is 714341 a prime number?
True
Is 12735271 a composite number?
True
Is 3642101 prime?
True
Is 71249471 composite?
True
Is 33614935 prime?
False
Is 26254549 a prime number?
True
Is 237953797 composite?
True
Is 5045057 prime?
True
Is 6133541 prime?
False
Is 94399897 composite?
True
Is 92021 composite?
True
Is 309623 a composite number?
False
Is 7333541 a prime number?
True
Is 31907671 prime?
True
Is 34247881 a composite number?
False
Is 29582701 prime?
False
Is 106377913 composite?
True
Is 708311969 composite?
True
Is 95873773 a composite number?
False
Is 61760177 composite?
False
Is 5448149 a composite number?
True
Is 7572833 a composite number?
False
Is 1544995 composite?
True
Is 50899307 a prime number?
True
Is 815197 a composite number?
False
Is 1221411 a composite number?
True
Is 2739494 composite?
True
Is 10400591 composite?
False
Is 51488533 a prime number?
False
Is 838247 composite?
False
Is 222956423 a prime number?
True
Is 14300257 a composite number?
False
Is 246643 a prime number?
True
Is 8562991 a prime number?
True
Is 2141329 a composite number?
False
Is 28678511 composite?
False
Is 591562709 a prime number?
True
Is 145028663 composite?
True
Is 33815897 a prime number?
True
Is 42768637 prime?
False
Is 61319 a composite number?
True
Is 815042 a prime number?
False
Is 346559771 a prime number?
True
Is 31900009 composite?
Tr